{"id":2044,"date":"2021-04-21T12:38:55","date_gmt":"2021-04-21T12:38:55","guid":{"rendered":"https:\/\/trailformentera.com\/?page_id=2044"},"modified":"2025-08-19T12:20:42","modified_gmt":"2025-08-19T12:20:42","slug":"programa","status":"publish","type":"page","link":"https:\/\/www.trailformentera.com\/?page_id=2044","title":{"rendered":"Programa"},"content":{"rendered":"\n<p><\/p>\n\n\n\n<h4 class=\"wp-block-heading\"><\/h4>\n\n\n\n<p><strong>Divendres 27 de mar\u00e7<\/strong><\/p>\n\n\n\n<p>\u2022 Entrega de dorsals de 17 a 20h a la carpa habilitada en el port de La Savina.<\/p>\n\n\n\n<p><strong>Dissabte 28 de mar\u00e7<\/strong><\/p>\n\n\n\n<p>\u2022 Entrega de dorsals de 8 a 15h a la carpa habilitada en el port de La Savina.<\/p>\n\n\n\n<p>\u2022 9:00 h Sortida de la Formentera All Round Trail 72KM. Port de La Savina. Temps l\u00edmit 13 hores.<\/p>\n\n\n\n<p>\u2022 10:30 h Sortida Bus Half Round Trail 38,5KM. Trajecte des de La Savina fins Es Arenals.<\/p>\n\n\n\n<p>\u2022 11:30 h Sortida de la Half Round Trail 38,5KM. En Es Arenals. Temps l\u00edmit 8 horas.<\/p>\n\n\n\n<p>\u2022 15:30 h Sortida Bus Tros de FART 19KM. Trajecte des de La Savina fins Es Cal\u00f3 de Sant Agust\u00ed.<\/p>\n\n\n\n<p>\u2022 16:00 h Sortida de la Tros de FART 19KM. En Es Cal\u00f3 de Sant Agust\u00ed. Temps l\u00edmit 4 horas.<\/p>\n\n\n\n<p>\u2022 18:00 h Sortida Formotor 11km de FART. La Savina.<\/p>\n\n\n\n<p>\u2022 Entrega de premis a les 19h.<\/p>\n","protected":false},"excerpt":{"rendered":"<p>Divendres 27 de mar\u00e7 \u2022 Entrega de dorsals de 17 a 20h a la carpa habilitada en el port de La Savina. Dissabte 28 de mar\u00e7 \u2022 Entrega de dorsals de 8 a 15h a la carpa habilitada en el port de La Savina. \u2022 9:00 h Sortida de la Formentera All Round Trail 72KM. [&hellip;]<\/p>\n","protected":false},"author":1,"featured_media":0,"parent":0,"menu_order":0,"comment_status":"closed","ping_status":"closed","template":"wp-custom-template-pagines-ca","meta":{"footnotes":""},"class_list":["post-2044","page","type-page","status-publish","hentry"],"_links":{"self":[{"href":"https:\/\/www.trailformentera.com\/index.php?rest_route=\/wp\/v2\/pages\/2044","targetHints":{"allow":["GET"]}}],"collection":[{"href":"https:\/\/www.trailformentera.com\/index.php?rest_route=\/wp\/v2\/pages"}],"about":[{"href":"https:\/\/www.trailformentera.com\/index.php?rest_route=\/wp\/v2\/types\/page"}],"author":[{"embeddable":true,"href":"https:\/\/www.trailformentera.com\/index.php?rest_route=\/wp\/v2\/users\/1"}],"replies":[{"embeddable":true,"href":"https:\/\/www.trailformentera.com\/index.php?rest_route=%2Fwp%2Fv2%2Fcomments&post=2044"}],"version-history":[{"count":22,"href":"https:\/\/www.trailformentera.com\/index.php?rest_route=\/wp\/v2\/pages\/2044\/revisions"}],"predecessor-version":[{"id":4696,"href":"https:\/\/www.trailformentera.com\/index.php?rest_route=\/wp\/v2\/pages\/2044\/revisions\/4696"}],"wp:attachment":[{"href":"https:\/\/www.trailformentera.com\/index.php?rest_route=%2Fwp%2Fv2%2Fmedia&parent=2044"}],"curies":[{"name":"wp","href":"https:\/\/api.w.org\/{rel}","templated":true}]}}