{"id":619,"date":"2021-03-12T16:02:32","date_gmt":"2021-03-12T16:02:32","guid":{"rendered":"https:\/\/trailformentera.com\/?page_id=619"},"modified":"2025-08-21T08:06:47","modified_gmt":"2025-08-21T08:06:47","slug":"formentera-all-round-trail","status":"publish","type":"page","link":"https:\/\/www.trailformentera.com\/?page_id=619","title":{"rendered":"Formentera All Round Trail"},"content":{"rendered":"\n<p><\/p>\n\n\n\n<p class=\"has-medium-font-size\"><strong>Formentera All Round Trail<\/strong><\/p>\n\n\n\n<figure class=\"wp-block-image size-large\"><img loading=\"lazy\" decoding=\"async\" width=\"1024\" height=\"536\" src=\"https:\/\/www.trailformentera.com\/wp-content\/uploads\/2024\/10\/FART-72km-1024x536.png\" alt=\"\" class=\"wp-image-4589\" srcset=\"https:\/\/www.trailformentera.com\/wp-content\/uploads\/2024\/10\/FART-72km-1024x536.png 1024w, https:\/\/www.trailformentera.com\/wp-content\/uploads\/2024\/10\/FART-72km-300x157.png 300w, https:\/\/www.trailformentera.com\/wp-content\/uploads\/2024\/10\/FART-72km-768x402.png 768w, https:\/\/www.trailformentera.com\/wp-content\/uploads\/2024\/10\/FART-72km.png 1448w\" sizes=\"auto, (max-width: 1024px) 100vw, 1024px\" \/><\/figure>\n\n\n\n<p>Sortida i arribada al Port de la Savina<br><\/p>\n\n\n\n<p><a href=\"https:\/\/www.trailformentera.com\/documents\/formentera-all-round-trail.kml\">ENLLA\u00c7 DE DESC\u00c0RREGA DEL TRACK KML<\/a><\/p>\n\n\n\n<p><a href=\"https:\/\/www.trailformentera.com\/documents\/Fart_2025.gpx\">ENLLA\u00c7 DE DESC\u00c0RREGA DEL TRACK GPX<\/a><\/p>\n\n\n\n<h4 class=\"wp-block-heading\">Rut\u00f2metre amb horaris de tall<\/h4>\n\n\n\n<p><\/p>\n\n\n\n<figure class=\"wp-block-table has-x-small-font-size\"><table class=\"has-default-background-color has-background has-border-color has-base-border-color has-fixed-layout\" style=\"border-style:solid;border-width:5px\"><tbody><tr><td>CONTROL<\/td><td>PUNT KM<\/td><td>PARCIAL KM<\/td><td>TEMPS DE TALL<\/td><td>RITME<\/td><td>TEMPS DE CURSA<\/td><\/tr><tr><td>LA SAVINA<\/td><td>0<\/td><td>0<\/td><td>09:00H<\/td><td>10:00<\/td><td>0:00:00 H<\/td><\/tr><tr><td>FARO DES CAP<\/td><td>17,5<\/td><td>17,5<\/td><td>11:57H<\/td><td>10:10<\/td><td>2:57:55 H<\/td><\/tr><tr><td>ARENALS<\/td><td>32,1<\/td><td>14,6<\/td><td>14:26H<\/td><td>10:10<\/td><td>5:26:21 H<\/td><\/tr><tr><td>FARO LA MOLA<\/td><td>40,4<\/td><td>8,3<\/td><td>15:57H<\/td><td>10:20<\/td><td>6:57:28 H<\/td><\/tr><tr><td>ES CALO<\/td><td>50,5<\/td><td>10,2<\/td><td>17:51H<\/td><td>10:30<\/td><td>8:51:18 H<\/td><\/tr><tr><td>PUNTA PRIMA<\/td><td>58,1<\/td><td>7,5<\/td><td>19:19H<\/td><td>10:40<\/td><td>10:19:44 H<\/td><\/tr><tr><td>ES PAS<\/td><td>65,5<\/td><td>7,4<\/td><td>20:38H<\/td><td>10:40<\/td><td>11:38:40 H<\/td><\/tr><tr><td>LA SAVINA<\/td><td>72,5<\/td><td>7<\/td><td>22:05H<\/td><td>10:50<\/td><td>13:05:25 H<\/td><\/tr><\/tbody><\/table><\/figure>\n\n\n\n<h6 class=\"wp-block-heading\"><\/h6>\n","protected":false},"excerpt":{"rendered":"<p>Formentera All Round Trail Sortida i arribada al Port de la Savina ENLLA\u00c7 DE DESC\u00c0RREGA DEL TRACK KML ENLLA\u00c7 DE DESC\u00c0RREGA DEL TRACK GPX Rut\u00f2metre amb horaris de tall CONTROL PUNT KM PARCIAL KM TEMPS DE TALL RITME TEMPS DE CURSA LA SAVINA 0 0 09:00H 10:00 0:00:00 H FARO DES CAP 17,5 17,5 11:57H [&hellip;]<\/p>\n","protected":false},"author":1,"featured_media":0,"parent":0,"menu_order":0,"comment_status":"closed","ping_status":"closed","template":"wp-custom-template-pagines-ca","meta":{"footnotes":""},"class_list":["post-619","page","type-page","status-publish","hentry"],"_links":{"self":[{"href":"https:\/\/www.trailformentera.com\/index.php?rest_route=\/wp\/v2\/pages\/619","targetHints":{"allow":["GET"]}}],"collection":[{"href":"https:\/\/www.trailformentera.com\/index.php?rest_route=\/wp\/v2\/pages"}],"about":[{"href":"https:\/\/www.trailformentera.com\/index.php?rest_route=\/wp\/v2\/types\/page"}],"author":[{"embeddable":true,"href":"https:\/\/www.trailformentera.com\/index.php?rest_route=\/wp\/v2\/users\/1"}],"replies":[{"embeddable":true,"href":"https:\/\/www.trailformentera.com\/index.php?rest_route=%2Fwp%2Fv2%2Fcomments&post=619"}],"version-history":[{"count":21,"href":"https:\/\/www.trailformentera.com\/index.php?rest_route=\/wp\/v2\/pages\/619\/revisions"}],"predecessor-version":[{"id":4898,"href":"https:\/\/www.trailformentera.com\/index.php?rest_route=\/wp\/v2\/pages\/619\/revisions\/4898"}],"wp:attachment":[{"href":"https:\/\/www.trailformentera.com\/index.php?rest_route=%2Fwp%2Fv2%2Fmedia&parent=619"}],"curies":[{"name":"wp","href":"https:\/\/api.w.org\/{rel}","templated":true}]}}

<p></p>



<p class="has-medium-font-size"><strong>Formentera All Round Trail</strong></p>



<figure class="wp-block-image size-large"><img loading="lazy" decoding="async" width="1024" height="536" src="https://www.trailformentera.com/wp-content/uploads/2024/10/FART-72km-1024x536.png" alt="" class="wp-image-4589" srcset="https://www.trailformentera.com/wp-content/uploads/2024/10/FART-72km-1024x536.png 1024w, https://www.trailformentera.com/wp-content/uploads/2024/10/FART-72km-300x157.png 300w, https://www.trailformentera.com/wp-content/uploads/2024/10/FART-72km-768x402.png 768w, https://www.trailformentera.com/wp-content/uploads/2024/10/FART-72km.png 1448w" sizes="auto, (max-width: 1024px) 100vw, 1024px" /></figure>



<p>Sortida i arribada al Port de la Savina<br></p>



<p><a href="https://www.trailformentera.com/documents/formentera-all-round-trail.kml">ENLLAÇ DE DESCÀRREGA DEL TRACK KML</a></p>



<p><a href="https://www.trailformentera.com/documents/Fart_2025.gpx">ENLLAÇ DE DESCÀRREGA DEL TRACK GPX</a></p>



<h4 class="wp-block-heading">Rutòmetre amb horaris de tall</h4>



<p></p>



<figure class="wp-block-table has-x-small-font-size"><table class="has-default-background-color has-background has-border-color has-base-border-color has-fixed-layout" style="border-style:solid;border-width:5px"><tbody><tr><td>CONTROL</td><td>PUNT KM</td><td>PARCIAL KM</td><td>TEMPS DE TALL</td><td>RITME</td><td>TEMPS DE CURSA</td></tr><tr><td>LA SAVINA</td><td>0</td><td>0</td><td>09:00H</td><td>10:00</td><td>0:00:00 H</td></tr><tr><td>FARO DES CAP</td><td>17,5</td><td>17,5</td><td>11:57H</td><td>10:10</td><td>2:57:55 H</td></tr><tr><td>ARENALS</td><td>32,1</td><td>14,6</td><td>14:26H</td><td>10:10</td><td>5:26:21 H</td></tr><tr><td>FARO LA MOLA</td><td>40,4</td><td>8,3</td><td>15:57H</td><td>10:20</td><td>6:57:28 H</td></tr><tr><td>ES CALO</td><td>50,5</td><td>10,2</td><td>17:51H</td><td>10:30</td><td>8:51:18 H</td></tr><tr><td>PUNTA PRIMA</td><td>58,1</td><td>7,5</td><td>19:19H</td><td>10:40</td><td>10:19:44 H</td></tr><tr><td>ES PAS</td><td>65,5</td><td>7,4</td><td>20:38H</td><td>10:40</td><td>11:38:40 H</td></tr><tr><td>LA SAVINA</td><td>72,5</td><td>7</td><td>22:05H</td><td>10:50</td><td>13:05:25 H</td></tr></tbody></table></figure>



<h6 class="wp-block-heading"></h6>

<p>Formentera All Round Trail Sortida i arribada al Port de la Savina ENLLAÇ DE DESCÀRREGA DEL TRACK KML ENLLAÇ DE DESCÀRREGA DEL TRACK GPX Rutòmetre amb horaris de tall CONTROL PUNT KM PARCIAL KM TEMPS DE TALL RITME TEMPS DE CURSA LA SAVINA 0 0 09:00H 10:00 0:00:00 H FARO DES CAP 17,5 17,5 11:57H [&hellip;]</p>
